*2 + f + 7/6*f**3. Give g(1).
6
Let r = -79 - -81. Let f(u) = -3*u**2 - 3*u + 3. Determine f(r).
-15
Suppose 0 = -5*i - 0*z - 4*z + 25, z - 9 = -4*i. Let c = 1 - i. Let k(f) = -2 + 29*f - 30*f + 3. Give k(c).
1
Let u(i) = -i**2 - 2*i**2 + 3 + 3 + i**3 - 2 - 5*i. What is u(3)?
-11
Let w = -11 + 13. Let j(y) = -w*y - y + y + y - 5. Give j(0).
-5
Let y(m) = -5*m**2 + 4*m**2 + 2*m**2. What is y(-1)?
1
Let h(o) = 4*o - 8. Let c be h(7). Let r be 4/c - (-2)/(-10). Let y(j) = -j**2 + j + 8. What is y(r)?
8
Let f(b) = b**3 - 5*b**2 - 8*b + 6. Let a(t) = -t**3 - 5*t**2 - 5*t - 4. Let y be a(-4). Let r = 6 - y. Calculate f(r).
-6
Let a(d) = d**3 - 6*d**2 - d + 35. Let m be a(4). Let j(s) be the first derivative of -5/2*s**4 + s + 1 - 1/3*s**3 + 0*s**2. What is j(m)?
10
Let x(u) = -u**2 - 9*u. Let g = 47 + -56. Give x(g).
0
Let h be -6*(1/2 + 2). Let z = 16 + h. Let d(m) = 6*m**3 - 2*m**2 + m. What is d(z)?
5
Suppose 8 = -2*r + 2*a, -3*r - 12 = a - 5*a. Let c(n) = n**3 + 5*n**2 + 2*n + 1. Give c(r).
9
Let t(x) = 2*x + 6. Let b(j) = j**2 + 2*j - 2. Suppose 2*p = -3*p - 35. Let f(v) = -2*v**2 - 4*v + 5. Let k(i) = p*b(i) - 3*f(i). Let w be k(-3). Give t(w).
-2
Let z(d) be the second derivative of d**3/6 + 7*d**2/2 + d. Suppose 3*a - 4*k = -12, 3*k - 8*k + 15 = 0. Give z(a).
7
Let z be (25 - 25) + 4/(2/1). Let b(f) = 2*f**2 - 2*f - 5. Let r(a) = -1. Let o(g) = b(g) - 5*r(g). Give o(z).
4
Let r(f) = f**3 + 6*f**2 - 5*f + 8. Let p = 103 - 110. Calculate r(p).
-6
Let g(m) be the second derivative of 0 + 6*m + 11/2*m**2 - m**3 + 7/12*m**4 + 1/20*m**5. Give g(-8).
-5
Let m(s) = -3*s + 8. Let w be m(4). Let c(f) = -f. Let x(b) = -5*b. Let n(h) = -4*c(h) + x(h). Determine n(w).
4
Let h(f) be the third derivative of -f**6/120 + f**5/30 + f**4/12 + f**3/3 + 11*f**2. What is h(3)?
-1
Suppose h = -g + 8, 4*h + 5*g = 3*g + 22. Let z(c) = 4 + 11*c - 4 - 9*c. Determine z(h).
6
Let n(w) = 9*w**3 - 3*w**2 + 2*w + 17. Let d(p) = 5*p**3 - 2*p**2 + p + 9. Let v(m) = 11*d(m) - 6*n(m). What is v(5)?
17
Let r(v) = -3*v**3 + v**2. Suppose -18*p = -14*p + 4. Give r(p).
4
Suppose -10 = -z + y, 25 = -3*z + 6*z - 4*y. Let i(m) = 2*m**2 - 3*m**2 - z*m + 21*m - 6. Calculate i(5).
-1
Let y(v) = -v**2 - 3*v + 5. Suppose m - 2 = 3, -d = 4*m - 24. Let j = d - 9. Let q = j + 1. Calculate y(q).
1
Suppose -2 = -4*l - 5*k, 2*l - 4*k = 7*l + 2. Let y(i) = 14*i. Let n(b) = b. Let f(j) = -12*n(j) + y(j). Calculate f(l).
-4
Let q(w) = -20*w**3 - 6*w**2 - 2*w - 1. Let l(g) = -20*g**3 - 7*g**2 - 3*g - 1. Let z(i) = -4*l(i) + 5*q(i). What is z(1)?
-21
Let k(i) be the first derivative of -7*i**4/4 - i**3/3 - i**2/2 - i - 5. Let r be 12/(-30) - (-6)/(-10). Determine k(r).
6
Let x(w) be the second derivative of w**5/120 - 11*w**4/24 + w**3/2 - 2*w. Let o(n) be the second derivative of x(n). What is o(5)?
-6
Let y(g) = -9*g + 11. Let m(n) = 5*n - 5. Let t(l) = -7*m(l) - 4*y(l). Calculate t(7).
-2
Let g(y) = -7*y**2 + y - 1. Let u(f) = -13*f**2 + f - 1. Let b(j) = -5*g(j) + 2*u(j). Let o(h) = 5*h**2 - 2*h + 2. Let m(w) = 6*b(w) - 11*o(w). Give m(4).
-4
Suppose -12 = -0*k + 2*k. Let n be (k/(-5))/(3/(-15)). Let y(q) = q + 11. Determine y(n).
5
Let r(c) = c**2 + 13*c - 2. Let i be r(-13). Let l be i/((-3)/(-36)*4). Let f(d) = -d**2 - 5*d + 6. Determine f(l).
0
Let z(n) be the first derivative of -n**4/4 + n**3 + 2*n - 2. Determine z(3).
2
Let x(r) = 5*r + 6. Let u(v) = -v - 1. Let z(m) = 6*u(m) + x(m). Determine z(-4).
4
Let c be (-84)/(-15) + 9/(-15). Suppose c*a - 13 = -3. Let j(t) = -5*t + 3. Determine j(a).
-7
Let b = 10 - 15. Suppose 4 = 4*k - 0. Let q(j) = -3*j**2 - 4*j + 1. Let c(d) = -d**2 - 1. Let o(i) = k*q(i) - 2*c(i). Determine o(b).
-2
Let z(n) be the third derivative of 6*n**2 + 0*n + 1/6*n**3 - 1/24*n**4 + 0. What is z(5)?
-4
Suppose 8 = 3*j - 4. Let y(r) = -7*r**2 + r - 7. Let w(h) = -11*h**2 + h - 11. Let u(d) = -5*w(d) + 8*y(d). What is u(j)?
-5
Let j(x) = x. Suppose 0 = -2*f - 2 + 8. Let o = f - -1. Give j(o).
4
Let z(n) = 6*n - 13. Let s(x) = 4*x - 9. Let h(j) = 8*s(j) - 5*z(j). Determine h(5).
3
Let q(u) = -u**3 - 6*u**2 - 4*u + 7. Let t = 8 - 13. What is q(t)?
2
Let v be (-2 + 1)*((-90)/3)/6. Let t(l) = -l**3 + 4*l**2 + 7*l - 6. What is t(v)?
4
Let n be ((-13)/(-52))/(1/(-4)). Let r(p) be the third derivative of -5*p**4/24 + p**3/6 + 2*p**2. Give r(n).
6
Let q(y) = 13*y - 1. Let s(f) = 25*f - 2. Let u(v) = -11*q(v) + 6*s(v). Let j(a) = 7*a - 1. Let g(k) = 4*j(k) - 3*u(k). Calculate g(-1).
-8
Let k(l) be the first derivative of l**7/840 - l**6/90 + l**5/60 + l**4/6 - 2*l**3/3 + 3. Let c(u) be the third derivative of k(u). Give c(3).
1
Let w(g) = g**2 - 3*g. Let t be w(4). Suppose 0 = -3*v - t + 1. Let p be (4 + 0 + v)/(-1). Let n(s) = -s**2 - 3*s + 4. Give n(p).
4
Let s(m) = -m**3 + 3*m**2 - 4. Let x = 75 + -72. What is s(x)?
-4
Let x(l) = -5*l**3 - 4*l**2 - 84*l - 3 + 4*l**3 + 86*l + 2*l**2. Determine x(-3).
0
Let k(w) = w**3 + 5*w**2 + 4*w + 1. Let l be k(-4). Suppose -3*a + 6 = 3*a. Let s(v) = 3*v**2 - 2 - 4*v**2 + a - l - 5*v. Determine s(-4).
2
Let t = -15 + 21. Let g = t - 1. Let f(o) = 5*o + 1 + o + o - g*o. Determine f(-5).
-9
Let s(k) = -k**3 + 4*k**2 - k + 5. Let z be s(4). Let n(o) be the third derivative of 0*o**3 + 9*o**2 + 0 - 1/4*o**4 + 0*o. What is n(z)?
-6
Let h be (0/(-7))/(1 - 0). Let s(l) = l**2 + 3*l - 2*l - 1 + h*l. Let x be s(-2). Let c(y) = -2*y**3 + 2*y**2 - 2*y + 1. What is c(x)?
-1
Let l be (-1 - 0) + 3 + -3. Let n(b) = 3*b**2 - 1. Determine n(l).
2
Let z(a) = -5 + 4 + 4 - a. Suppose -j + 3*j = 2. Suppose -2*p + j + 5 = 0. Give z(p).
0
Let v(o) = -o**2 - 2*o - 3. Let x(t) = -2 + 1 - 4*t - 4 - 2*t**2. Let q(m) = 5*v(m) - 3*x(m). Determine q(-3).
3
Let g be -2 + 5 + 2 + 0. Let m(r) = -2*r**2 + 7*r + 1. Calculate m(g).
-14
Let t(y) be the first derivative of y**2/2 - 3*y + 54. Calculate t(-8).
-11
Let k(g) = 5*g**2 + 9*g - 4. Let r(z) = z**2 + z - 1. Let n(y) = -k(y) + 4*r(y). Let i(s) = -2*s**2 - 5*s - 2. Let f be i(-3). Calculate n(f).
0
Suppose 0 = 4*k - 51 + 23. Let m(p) = p**3 - 7*p**2 + 4*p - 9. What is m(k)?
19
Let z = -4 + 10. Let s(x) = 2*x - 9. Calculate s(z).
3
Suppose 1 = -3*f - i, 0 = -0*f - 3*f - 2*i - 2. Let v(b) = 5*b**3 - 3 - 5*b**3 - b**3 + b. Calculate v(f).
-3
Let g(h) = 4*h + 33. Let j be g(-8). Let f(s) be the first derivative of -1/3*s**3 + j + 3/2*s**2 - s. Determine f(3).
-1
Let y(b) be the second derivative of -b**4/12 + b**3/3 - 4*b. What is y(2)?
0
Let n = -4 + 13. Let t(m) = 10*m - 2*m**2 + 744 - 748 + 10*m**2 - m**3. Calculate t(n).
5
Suppose 2*c - 3 - 3 = 0. Let r(q) = q**3 + 3*q**2 + 8 + 2*q - 1 - c. Let d(n) = -n**3 - 4*n**2 - 3*n - 5. Let j(m) = -2*d(m) - 3*r(m). Determine j(0).
-2
Let m(h) = -120 + 24*h + 3*h**2 - 24*h + 119. Let z = 2 - 3. Calculate m(z).
2
Let n(l) = -l**3 + 7*l**2 - 8*l. Let s be (9 - (-3)/(-1))/1. What is n(s)?
-12
Let g be 13 - (2 + 3*-1). Let d be g/4*(4 + -2). Let y(a) = -a**2 - 2 - d*a + 0*a**2 + 0*a**2. Determine y(-3).
10
Let r(i) = 2*i + 2. Let p = -12 - -5. Let h = -5 - p. Determine r(h).
6
Let i(n) = -n**2 - 8*n - 4. Let m be i(-7). Let y(q) = -2*q**3 - m + 3*q**3 + 3*q**2 + 0 - q. Let l = -19 - -16. Determine y(l).
0
Let f(k) be the second derivative of -k**5/20 + k**4/4 + k**3/2 + 2*k**2 + k. Suppose -g + 0*g + 2 = 0. Suppose -2*o = g*t + o - 23, 2*t = 2*o - 2. Give f(t).
0
Let o = 6 + -3. Suppose h + 0 = o. Let v(m) = -m + 3. Give v(h).
0
Let u(s) = -5*s**2 + s. Let z = 1 - -2. Let n be z/(-6)*6 - -2. Give u(n).
-6
Let z(n) = n**3 + 5*n**2 - 5*n. Suppose 2*r = r + 6. Suppose -2*m - 6 = r. What is z(m)?
-6
Let h(j) = 7*j**3 - 6*j**2 + j - 14. Let w(d) = -d**3 - d + 1. Let a(g) = -h(g) - 6*w(g). Give a(7).
-6
Suppose 3*l + 12 = 3*j, j = -l - 3*l - 6. Let o(n) = 8*n**2 + 13 - 19*n**2 + 10*n**2 + n + j*n**2. Determine o(0).
13
Let u = 4 - 2. Let d(v) = -2 + 4*v - u*v - 3 + 2. Give d(5).
7
Let q(i) = 2*i + 2. Let s(j) = -j**3 - 7*j**2 - 7*j - 4. Let x(c) = -c**3 + 3*c**2 + c + 1. Let a be x(3). Suppose -b = 2 + a. Let h be s(b). Determine q(h).
6
Let w be 2*(-1)/(1/2). Let j(q) = 7*q**3 + 10*q**2 - 4*q - 4. Let z(o) = -13*o**3 - 19*o**2 + 7*o + 7. Let d(m) = -11*j(m) - 6*z(m). Calculate d(w).
-6
Let b(u) = -u**3 + u**2 - 2. Let k = 46 + -27. Let m = k + -19. Give b(m).
-2
Let k(q) = -q**2 + 6*q -